{"id":33111,"date":"2014-06-27T12:04:27","date_gmt":"2014-06-27T15:04:27","guid":{"rendered":"http:\/\/aconteceunovale.com.br\/portal\/?page_id=33111"},"modified":"2016-07-12T10:53:15","modified_gmt":"2016-07-12T13:53:15","slug":"alexandre-sylvio-vieira-da-costa","status":"publish","type":"page","link":"https:\/\/aconteceunovale.com.br\/portal\/?page_id=33111","title":{"rendered":"Alexandre Sylvio Vieira da Costa"},"content":{"rendered":"<h4><strong>Ol\u00e1 amigo leitor, mudamos o formato das publica\u00e7\u00f5es na p\u00e1gina de colunistas. Para ler uma publica\u00e7\u00e3o, escolha um dos links abaixo:<\/strong><\/h4>\n<p><a href=\"http:\/\/aconteceunovale.com.br\/portal\/?p=91828\" target=\"_blank\"><strong>&#8211; O SER HUMANO DEVE SER A NOSSA PRIORIDADE<\/strong><\/a><\/p>\n<p><a href=\"http:\/\/aconteceunovale.com.br\/portal\/?p=89590\" target=\"_blank\"><strong>&#8211; TODOS N\u00d3S SOMOS ECONOMISTAS<\/strong><\/a><\/p>\n<p><a href=\"http:\/\/aconteceunovale.com.br\/portal\/?p=88307\" target=\"_blank\"><strong>&#8211; A TEORIA E A PR\u00c1TICA DAS LEIS AMBIENTAIS NO BRASIL<\/strong><\/a><\/p>\n<p><a href=\"http:\/\/aconteceunovale.com.br\/portal\/?p=86808\" target=\"_blank\"><strong>&#8211; CAPITALISMO SELVAGEM X CAPITALISMO SUSTENT\u00c1VEL<\/strong><\/a><\/p>\n<p><a href=\"http:\/\/aconteceunovale.com.br\/portal\/?p=85056\" target=\"_blank\"><strong>&#8211; RIO DOCE COMPROMETIDO<\/strong><\/a><\/p>\n<p><a href=\"http:\/\/aconteceunovale.com.br\/portal\/?p=83882\" target=\"_blank\"><strong>&#8211; A DESTRUI\u00c7\u00c3O DO ESTADO BRASILEIRO<\/strong><\/a><\/p>\n<p><a href=\"http:\/\/aconteceunovale.com.br\/portal\/?p=83211\" target=\"_blank\"><strong>&#8211; A GEST\u00c3O ENERG\u00c9TICA MUNDIAL E A TRAG\u00c9DIA ANUNCIADA<\/strong><\/a><\/p>\n<p><a href=\"http:\/\/aconteceunovale.com.br\/portal\/?p=81770\" target=\"_blank\"><strong>&#8211; AS MUDAN\u00c7AS CLIM\u00c1TICAS E OS INSETOS<\/strong><\/a><\/p>\n<p><a href=\"http:\/\/aconteceunovale.com.br\/portal\/?p=80798\" target=\"_blank\"><strong>&#8211; O DESAPARECIMENTO DE UMA NA\u00c7\u00c3O<\/strong><\/a><\/p>\n<p><a href=\"http:\/\/aconteceunovale.com.br\/portal\/?p=79287\" target=\"_blank\"><strong>&#8211; OS V\u00cdRUS E OS ZUMBIS<\/strong><\/a><\/p>\n<p><a href=\"http:\/\/aconteceunovale.com.br\/portal\/?p=78472\" target=\"_blank\"><strong>&#8211; O BRASIL E OS BRASILEIROS<\/strong><\/a><\/p>\n<p><a href=\"http:\/\/aconteceunovale.com.br\/portal\/?p=77309\" target=\"_blank\"><strong>&#8211; OS ALIMENTOS, A CRISE E O POVO BRASILEIRO<\/strong><\/a><\/p>\n<p><a href=\"http:\/\/aconteceunovale.com.br\/portal\/?p=76764\" target=\"_blank\"><strong>&#8211; SAMARCO X VALE DO RIO DOCE<\/strong><\/a><\/p>\n<p><a href=\"http:\/\/aconteceunovale.com.br\/portal\/?p=75079\" target=\"_blank\"><strong>&#8211; A AGROPECU\u00c1RIA BRASILEIRA E OS FERTILIZANTES <\/strong><\/a><\/p>\n<p><a href=\"http:\/\/aconteceunovale.com.br\/portal\/?p=74551\" target=\"_blank\"><strong>&#8211; COM DESORDEM N\u00c3O TEREMOS PROGRESSO <\/strong><\/a><\/p>\n<p><a href=\"http:\/\/aconteceunovale.com.br\/portal\/?p=73861\" target=\"_blank\"><strong>&#8211; A BARRAGEM DE REJEITOS E OS PROBLEMAS DO MEIO RURAL <\/strong><\/a><\/p>\n<p><a href=\"http:\/\/aconteceunovale.com.br\/portal\/?p=72977\" target=\"_blank\"><strong>&#8211; AINDA H\u00c1 SALVA\u00c7\u00c3O PARA O RIO DOCE <\/strong><\/a><\/p>\n<p><a href=\"http:\/\/aconteceunovale.com.br\/portal\/?p=72346\" target=\"_blank\"><strong>&#8211; BARRAGENS DE REJEITOS DA MINERA\u00c7\u00c3O: UMA BOMBA REL\u00d3GIO <\/strong><\/a><\/p>\n<p><a href=\"http:\/\/aconteceunovale.com.br\/portal\/?p=71844\" target=\"_blank\"><strong>&#8211; DESPERDI\u00c7ANDO COMIDA <\/strong><\/a><\/p>\n<p><a href=\"http:\/\/aconteceunovale.com.br\/portal\/?p=71257\" target=\"_blank\"><strong>&#8211; AS POL\u00cdTICAS DO PA\u00cdS PARA O MEIO AMBIENTE <\/strong><\/a><\/p>\n<p><a href=\"http:\/\/aconteceunovale.com.br\/portal\/?p=71257\" target=\"_blank\"><strong>&#8211; AS POL\u00cdTICAS DO PA\u00cdS PARA O MEIO AMBIENTE <\/strong><\/a><\/p>\n<p><a href=\"http:\/\/aconteceunovale.com.br\/portal\/?p=70585\" target=\"_blank\"><strong>&#8211; A TECNOLOGIA DA IRRIGA\u00c7\u00c3O <\/strong><\/a><\/p>\n<p><a href=\"http:\/\/aconteceunovale.com.br\/portal\/?p=69876\" target=\"_blank\"><strong>&#8211; A RESIST\u00caNCIA HUMANA AS MUDAN\u00c7AS CLIM\u00c1TICAS <\/strong><\/a><\/p>\n<p><a href=\"http:\/\/aconteceunovale.com.br\/portal\/?p=69223\" target=\"_blank\"><strong>&#8211; O MEIO AMBIENTE E SUAS POSSIBILIDADES <\/strong><\/a><\/p>\n<p><a href=\"http:\/\/aconteceunovale.com.br\/portal\/?p=68450\" target=\"_blank\"><strong>&#8211; O ATRASO DE UMA NA\u00c7\u00c3O <\/strong><\/a><\/p>\n<p><a href=\"http:\/\/aconteceunovale.com.br\/portal\/?p=67656\" target=\"_blank\"><strong>&#8211; A DEGRADA\u00c7\u00c3O AMBIENTAL E A CRISE ECON\u00d4MICA <\/strong><\/a><\/p>\n<p><a href=\"http:\/\/aconteceunovale.com.br\/portal\/?p=66908\" target=\"_blank\"><strong>&#8211; A RECESS\u00c3O DA ECONOMIA BRASILEIRA <\/strong><\/a><\/p>\n<p><a href=\"http:\/\/aconteceunovale.com.br\/portal\/?p=66194\" target=\"_blank\"><strong>&#8211; A FOR\u00c7A DO AGRONEG\u00d3CIO DO BRASIL <\/strong><\/a><\/p>\n<p><a href=\"http:\/\/aconteceunovale.com.br\/portal\/?p=65750\" target=\"_blank\"><strong>&#8211; A SA\u00daDE E O DESENVOLVIMENTO DO MEIO RURAL <\/strong><\/a><\/p>\n<p><a href=\"http:\/\/aconteceunovale.com.br\/portal\/?p=65647\" target=\"_blank\"><strong>&#8211; CARA DE PAU E \u00d3LEO DE PEROBA<\/strong><\/a><\/p>\n<p><a href=\"http:\/\/aconteceunovale.com.br\/portal\/?p=65260\" target=\"_blank\"><strong>&#8211; SER\u00c1 QUE ALGUM DIA APRENDEREMOS A FAZER GEST\u00c3O P\u00daBLICA?<\/strong><\/a><\/p>\n<p><a href=\"http:\/\/aconteceunovale.com.br\/portal\/?p=64779\" target=\"_blank\"><strong>&#8211; CARA DE PAU E \u00d3LEO DE PEROBA<\/strong><\/a><\/p>\n<p><a href=\"http:\/\/aconteceunovale.com.br\/portal\/?p=64042\" target=\"_blank\"><strong>&#8211; ALIMENTOS PARA TODOS<\/strong><\/a><\/p>\n<p><a href=\"http:\/\/aconteceunovale.com.br\/portal\/?p=63003\" target=\"_blank\"><strong>&#8211; O CRESCIMENTO ECON\u00d4MICO E AS FONTES ENERG\u00c9TICAS F\u00d3SSEIS<\/strong><\/a><\/p>\n<p><a href=\"http:\/\/aconteceunovale.com.br\/portal\/?p=62385\" target=\"_blank\"><strong>&#8211; A \u00c1GUA E A SITUA\u00c7\u00c3O ECON\u00d4MICA DO BRASIL<\/strong><\/a><\/p>\n<p><a href=\"http:\/\/aconteceunovale.com.br\/portal\/?p=61897\" target=\"_blank\"><strong>&#8211; O SAL DA TERRA<\/strong><\/a><\/p>\n<p><a href=\"http:\/\/aconteceunovale.com.br\/portal\/?p=61297\" target=\"_blank\"><strong>&#8211; A SOCIEDADE E O DESENVOLVIMENTO DO PA\u00cdS<\/strong><\/a><\/p>\n<p><a href=\"http:\/\/aconteceunovale.com.br\/portal\/?p=60734\" target=\"_blank\"><strong>&#8211; DIA DO MEIO AMBIENTE \u00c9 TODO DIA<\/strong><\/a><\/p>\n<p><a href=\"http:\/\/aconteceunovale.com.br\/portal\/?p=60345\" target=\"_blank\"><strong>&#8211; OS BRASILEIROS E AS NOVAS DOEN\u00c7AS TROPICAIS<\/strong><\/a><\/p>\n<p><a href=\"http:\/\/aconteceunovale.com.br\/portal\/?p=60095\" target=\"_blank\"><strong>&#8211; POPULARIZANDO A TECNOLOGIA<\/strong><\/a><\/p>\n<p><a href=\"http:\/\/aconteceunovale.com.br\/portal\/?p=59250\" target=\"_blank\"><strong>&#8211; O ESGOTO E AS CIDADES<\/strong><\/a><\/p>\n<p><a href=\"http:\/\/aconteceunovale.com.br\/portal\/?p=58603\" target=\"_blank\"><strong>&#8211; A INCOER\u00caNCIA DA LEI<\/strong><\/a><\/p>\n<p><a href=\"http:\/\/aconteceunovale.com.br\/portal\/?p=57999\" target=\"_blank\"><strong>&#8211; O ABASTECIMENTO DOS RESERVAT\u00d3RIOS DE \u00c1GUA NA ESTIAGEM<\/strong><\/a><\/p>\n<p><a href=\"http:\/\/aconteceunovale.com.br\/portal\/?p=57442\" target=\"_blank\"><strong>&#8211; A CONSTITUI\u00c7\u00c3O BRASILEIRA E O MEIO AMBIENTE (2\u00aa PARTE)<\/strong><\/a><\/p>\n<p><a href=\"http:\/\/aconteceunovale.com.br\/portal\/?p=56923\" target=\"_blank\"><strong>&#8211; A CONSTITUI\u00c7\u00c3O BRASILEIRA E O MEIO AMBIENTE  (1\u00aa PARTE)<\/strong><\/a><\/p>\n<p><a href=\"http:\/\/aconteceunovale.com.br\/portal\/?p=56465\" target=\"_blank\"><strong>&#8211; ALIMENTOS E VENENOS<\/strong><\/a><\/p>\n<p><a href=\"http:\/\/aconteceunovale.com.br\/portal\/?p=55941\" target=\"_blank\"><strong>&#8211; MUDAN\u00c7AS DE PARADIGMA<\/strong><\/a><\/p>\n<p><a href=\"http:\/\/aconteceunovale.com.br\/portal\/?p=55417\" target=\"_blank\"><strong>&#8211; CONTAMINA\u00c7\u00c3O DO AR<\/strong><\/a><\/p>\n<p><a href=\"http:\/\/aconteceunovale.com.br\/portal\/?p=54995\" target=\"_blank\"><strong>&#8211; A TERAPIA DOS ALIMENTOS<\/strong><\/a><\/p>\n<p><a href=\"http:\/\/aconteceunovale.com.br\/portal\/?p=54443\" target=\"_blank\"><strong>&#8211; A DEPEND\u00caNCIA DA PRODU\u00c7\u00c3O AGR\u00cdCOLA BRASILEIRA<\/strong><\/a><\/p>\n<p><a href=\"http:\/\/aconteceunovale.com.br\/portal\/?p=53957\" target=\"_blank\"><strong>&#8211; VOC\u00ca SABE DE ONDE VEM A SUA COMIDA?<\/strong><\/a><\/p>\n<p><a href=\"http:\/\/aconteceunovale.com.br\/portal\/?p=53419\" target=\"_blank\"><strong>&#8211; CONVERSAS COMPLEXAS<\/strong><\/a><\/p>\n<p><a href=\"http:\/\/aconteceunovale.com.br\/portal\/?p=52953\" target=\"_blank\"><strong>&#8211; QUANDO IREMOS ENTENDER O CLIMA DO PLANETA?<\/strong><\/a><\/p>\n<p><a href=\"http:\/\/aconteceunovale.com.br\/portal\/?p=51896\" target=\"_blank\"><strong>&#8211; DA GEST\u00c3O PARA A A\u00c7\u00c3O<\/strong><\/a><\/p>\n<p><a href=\"http:\/\/aconteceunovale.com.br\/portal\/?p=51652\" target=\"_blank\"><strong>&#8211; ACABOU A FARTURA<\/strong><\/a><\/p>\n<p><a href=\"http:\/\/aconteceunovale.com.br\/portal\/?p=50828\" target=\"_blank\"><strong>&#8211; A NOVA REALIDADE HIDROL\u00d3GICA DO BRASIL<\/strong><\/a><\/p>\n<p><a href=\"http:\/\/aconteceunovale.com.br\/portal\/?p=50064\" target=\"_blank\"><strong>&#8211; PESQUISA E DESENVOLVIMENTO EM BIOCOMBUST\u00cdVEIS<\/strong><\/a><\/p>\n<p><a href=\"http:\/\/aconteceunovale.com.br\/portal\/?p=49167\" target=\"_blank\"><strong>&#8211; A AGROPECU\u00c1RIA, O MEIO AMBIENTE E 2015<\/strong><\/a><\/p>\n<p><a href=\"http:\/\/aconteceunovale.com.br\/portal\/?p=48531\" target=\"_blank\"><strong>&#8211; AS CHUVAS E AS BACIAS HIDROGR\u00c1FICAS<\/strong><\/a><\/p>\n<p><a href=\"http:\/\/aconteceunovale.com.br\/portal\/?p=47962\" target=\"_blank\"><strong>&#8211; CIDADE GRANDE OU CIDADE PEQUENA?<\/strong><\/a><\/p>\n<p><a href=\"http:\/\/aconteceunovale.com.br\/portal\/?p=47473\" target=\"_blank\"><strong>&#8211; O BRASIL E A GERA\u00c7\u00c3O DE BIOCOMBUST\u00cdVEIS<\/strong><\/a><\/p>\n<p><a href=\"http:\/\/aconteceunovale.com.br\/portal\/?p=46646\" target=\"_blank\"><strong>&#8211; INCOMPET\u00caNCIA NA GEST\u00c3O DOS RECURSOS P\u00daBLICOS<\/strong><\/a><\/p>\n<p><a href=\"http:\/\/aconteceunovale.com.br\/portal\/?p=45856\" target=\"_blank\"><strong>&#8211; O QUE REALMENTE \u00c9 PRIORIDADE PARA OS NOSSOS GOVERNANTES?<\/strong><\/a><\/p>\n<p><a href=\"http:\/\/aconteceunovale.com.br\/portal\/?p=44728\" target=\"_blank\"><strong>&#8211; O QUE DEIXAREMOS PARA AS FUTURAS GERA\u00c7\u00d5ES?<\/strong><\/a><\/p>\n<p><a href=\"http:\/\/aconteceunovale.com.br\/portal\/?p=43923\" target=\"_blank\"><strong>&#8211; A POL\u00cdTICA N\u00c3O DEVE SER PRIORIDADE<\/strong><\/a><\/p>\n<p><a href=\"http:\/\/aconteceunovale.com.br\/portal\/?p=43062\" target=\"_blank\"><strong>&#8211; AS \u00c1GUAS DAS REPRESAS (VOLUME MORTO)<\/strong><\/a><\/p>\n<p><a href=\"http:\/\/aconteceunovale.com.br\/portal\/?p=42450\" target=\"_blank\"><strong>&#8211; A VALORIZA\u00c7\u00c3O DOS COMIT\u00caS DE BACIAS HIDROGR\u00c1FICAS<\/strong><\/a><\/p>\n<p><a href=\"http:\/\/aconteceunovale.com.br\/portal\/?p=41640\" target=\"_blank\"><strong>&#8211; A \u00c1GUA E A VIDA<\/strong><\/a><\/p>\n<p><a href=\"http:\/\/aconteceunovale.com.br\/portal\/?p=41088\" target=\"_blank\"><strong>&#8211; DEVEMOS TEMER O EBOLA?<\/strong><\/a><\/p>\n<p><a href=\"http:\/\/aconteceunovale.com.br\/portal\/?p=40677\" target=\"_blank\"><strong>&#8211; AS NASCENTES E O RIO S\u00c3O FRANCISCO<\/strong><\/a><\/p>\n<p><a href=\"http:\/\/aconteceunovale.com.br\/portal\/?p=40226\" target=\"_blank\"><strong>&#8211; H\u00c1BITOS DANOSOS<\/strong><\/a><\/p>\n<p><a href=\"http:\/\/aconteceunovale.com.br\/portal\/?p=39877\" target=\"_blank\"><strong>&#8211; ANALISANDO OS ACIDENTES DAS EMPRESAS BRASILEIRAS<\/strong><\/a><\/p>\n<p><a href=\"http:\/\/aconteceunovale.com.br\/portal\/?p=39335\" target=\"_blank\"><strong>&#8211; A ALIMENTA\u00c7\u00c3O DO BRASILEIRO<\/strong><\/a><\/p>\n<p><a href=\"http:\/\/aconteceunovale.com.br\/portal\/?p=38667\" target=\"_blank\"><strong>&#8211; A PRECIS\u00c3O DAS PESQUISAS ELEITORAIS (2\u00aa Parte)<\/strong><\/a><\/p>\n<p><a href=\"http:\/\/aconteceunovale.com.br\/portal\/?p=37913\" target=\"_blank\"><strong>&#8211; A PRECIS\u00c3O DAS PESQUISAS ELEITORAIS (1\u00aa Parte)<\/strong><\/a><\/p>\n<p><a href=\"http:\/\/aconteceunovale.com.br\/portal\/?p=37458\" target=\"_blank\"><strong>&#8211; UM NOVO OLHAR PARA O INTERIOR<\/strong><\/a><\/p>\n<p><a href=\"http:\/\/aconteceunovale.com.br\/portal\/?p=36971\" target=\"_blank\"><strong>&#8211; A EDUCA\u00c7\u00c3O E O CONHECIMENTO: A BASE PARA O DESENVOLVIMENTO<\/strong><\/a><\/p>\n<p><a href=\"http:\/\/aconteceunovale.com.br\/portal\/?p=36391\" target=\"_blank\"><strong>&#8211; ONDE EST\u00c3O OS PLANOS DE SANEAMENTO DOS MUNIC\u00cdPIOS?<\/strong><\/a><\/p>\n<p><a href=\"http:\/\/aconteceunovale.com.br\/portal\/?p=35792\" target=\"_blank\"><strong>&#8211; COMENDO E MORRENDO<\/strong><\/a><\/p>\n<p><a href=\"http:\/\/aconteceunovale.com.br\/portal\/?p=35118\" target=\"_blank\"><strong>&#8211; CONHECER PARA PRESERVAR<\/strong><\/a><\/p>\n<p><a href=\"http:\/\/aconteceunovale.com.br\/portal\/?p=34563\" target=\"_blank\"><strong>&#8211; OS ENSINAMENTOS DA COPA<\/strong><\/a><\/p>\n<p><a href=\"http:\/\/aconteceunovale.com.br\/portal\/?p=33113\" target=\"_blank\"><strong>&#8211; QUEM PAGA PELA PRESERVA\u00c7\u00c3O AMBIENTAL?<\/strong><\/a><\/p>\n<p><a href=\"http:\/\/aconteceunovale.com.br\/portal\/?p=32668\" target=\"_blank\"><strong>&#8211; O QUE DESCARTAMOS NO ESGOTO<\/strong><\/a><\/p>\n<p><a href=\"http:\/\/aconteceunovale.com.br\/portal\/?p=32008\" target=\"_blank\"><strong>&#8211; AS MIGRA\u00c7\u00d5ES MINEIRAS<\/strong><\/a><\/p>\n<h4><strong>Quem \u00e9 Alexandre Sylvio Vieira da Costa?<\/strong><\/h4>\n<p><img decoding=\"async\" src=\"http:\/\/aconteceunovale.com.br\/portal\/wp-content\/uploads\/2015\/12\/alexandre_silvio.jpg\" alt=\"\" \/><br \/>\n<\/br><\/p>\n<p>&#8211; Nascido na cidade de Niter\u00f3i, RJ;<br \/>\n&#8211; Engenheiro Agr\u00f4nomo Formado pela Universidade Federal Rural do Rio de Janeiro;<br \/>\n&#8211; Mestre em Produ\u00e7\u00e3o Vegetal pela Embrapa-Agrobiologia\/Universidade Federal Rural do<br \/>\nRio de Janeiro;<br \/>\n&#8211; Doutor em Produ\u00e7\u00e3o Vegetal pela Universidade Federal de Vi\u00e7osa;<br \/>\n&#8211; P\u00f3s doutorado em Geoci\u00eancias pela Universidade Federal de Minas Gerais;<br \/>\n&#8211; Foi Coordenador Adjunto da C\u00e2mara Especializada de Agronomia e Coordenador da<br \/>\nComiss\u00e3o T\u00e9cnica de Meio Ambiente do CREA\/Minas;<br \/>\n&#8211; Foi Presidente da C\u00e2mara T\u00e9cnica de eventos Cr\u00edticos do Comit\u00ea da Bacia<br \/>\nHidrogr\u00e1fica do Rio Doce;<br \/>\n&#8211; Atualmente, professor Adjunto dos cursos de Engenharia da Universidade Federal dos<br \/>\nVales do Jequitinhonha e Mucuri, Campus Te\u00f3filo Otoni;<\/p>\n<p>&#8211; Blog: <a href=\"http:\/\/asylvio.blogspot.com.br\" target=\"_blank\">asylvio.blogspot.com.br<\/a><br \/>\n&#8211; E-mail: alexandre.costa@ufvjm.edu.br<\/p>\n","protected":false},"excerpt":{"rendered":"<p>Ol\u00e1 amigo leitor, mudamos o formato das publica\u00e7\u00f5es na p\u00e1gina de colunistas. Para ler uma publica\u00e7\u00e3o, escolha um dos links abaixo: &#8211; O SER HUMANO DEVE SER A NOSSA PRIORIDADE &#8211; TODOS N\u00d3S SOMOS ECONOMISTAS &#8211; A TEORIA E A PR\u00c1TICA DAS LEIS AMBIENTAIS NO BRASIL &#8211; CAPITALISMO SELVAGEM X CAPITALISMO SUSTENT\u00c1VEL &#8211; RIO DOCE [&hellip;]<\/p>\n","protected":false},"author":1,"featured_media":75080,"parent":0,"menu_order":0,"comment_status":"open","ping_status":"closed","template":"","meta":{"amp_status":"","footnotes":""},"class_list":["post-33111","page","type-page","status-publish","has-post-thumbnail","hentry"],"_links":{"self":[{"href":"https:\/\/aconteceunovale.com.br\/portal\/index.php?rest_route=\/wp\/v2\/pages\/33111","targetHints":{"allow":["GET"]}}],"collection":[{"href":"https:\/\/aconteceunovale.com.br\/portal\/index.php?rest_route=\/wp\/v2\/pages"}],"about":[{"href":"https:\/\/aconteceunovale.com.br\/portal\/index.php?rest_route=\/wp\/v2\/types\/page"}],"author":[{"embeddable":true,"href":"https:\/\/aconteceunovale.com.br\/portal\/index.php?rest_route=\/wp\/v2\/users\/1"}],"replies":[{"embeddable":true,"href":"https:\/\/aconteceunovale.com.br\/portal\/index.php?rest_route=%2Fwp%2Fv2%2Fcomments&post=33111"}],"version-history":[{"count":0,"href":"https:\/\/aconteceunovale.com.br\/portal\/index.php?rest_route=\/wp\/v2\/pages\/33111\/revisions"}],"wp:featuredmedia":[{"embeddable":true,"href":"https:\/\/aconteceunovale.com.br\/portal\/index.php?rest_route=\/wp\/v2\/media\/75080"}],"wp:attachment":[{"href":"https:\/\/aconteceunovale.com.br\/portal\/index.php?rest_route=%2Fwp%2Fv2%2Fmedia&parent=33111"}],"curies":[{"name":"wp","href":"https:\/\/api.w.org\/{rel}","templated":true}]}}