{"id":23347,"date":"2014-03-10T11:51:49","date_gmt":"2014-03-10T14:51:49","guid":{"rendered":"http:\/\/aconteceunovale.com.br\/portal\/?page_id=23347"},"modified":"2015-09-26T21:08:48","modified_gmt":"2015-09-27T00:08:48","slug":"rosilene-avila","status":"publish","type":"page","link":"https:\/\/aconteceunovale.com.br\/portal\/?page_id=23347","title":{"rendered":"Rosilene \u00c1vila"},"content":{"rendered":"<h4><strong>Ol\u00e1 amigo leitor, mudamos o formato das publica\u00e7\u00f5es na p\u00e1gina de colunistas. Para ler uma publica\u00e7\u00e3o, escolha um dos links abaixo:<\/strong><\/h4>\n<p><a href=\"http:\/\/aconteceunovale.com.br\/portal\/?p=69884\" target=\"_blank\"><strong>&#8211; PRIMAVERA<\/strong><\/a><\/p>\n<p><a href=\"http:\/\/aconteceunovale.com.br\/portal\/?p=41871\" target=\"_blank\"><strong>&#8211; A LUA E EU<\/strong><\/a><\/p>\n<p><a href=\"http:\/\/aconteceunovale.com.br\/portal\/?p=38427\" target=\"_blank\"><strong>&#8211; O QUE VOC\u00ca REALMENTE GOSTA DE FAZER?<\/strong><\/a><\/p>\n<p><a href=\"http:\/\/aconteceunovale.com.br\/portal\/?p=29898\" target=\"_blank\"><strong>&#8211; CUIDADO, QUE A ONDE TE PEGA!<\/strong><\/a> &#8211; <a href=\"http:\/\/aconteceunovale.com.br\/portal\/?p=30063\" target=\"_blank\">(English version)<\/a><\/p>\n<p><a href=\"http:\/\/aconteceunovale.com.br\/portal\/?p=29903\" target=\"_blank\"><strong>&#8211; PRA N\u00c3O DIZER QUE N\u00c3O FALEI DE LIVROS<\/strong><\/a><\/p>\n<p><a href=\"http:\/\/aconteceunovale.com.br\/portal\/?p=29906\" target=\"_blank\"><strong>&#8211; O VALOR DO VELHO!<\/strong><\/a><\/p>\n<p><a href=\"http:\/\/aconteceunovale.com.br\/portal\/?p=29908\" target=\"_blank\"><strong>&#8211; QUERO COLO!<\/strong><\/a><\/p>\n<p><a href=\"http:\/\/aconteceunovale.com.br\/portal\/?p=29910\" target=\"_blank\"><strong>&#8211; PEDAGOGIA DA JURUBEBA<\/strong><\/a><\/p>\n<p><a href=\"http:\/\/aconteceunovale.com.br\/portal\/?p=29912\" target=\"_blank\"><strong>&#8211; FAM\u00cdLIA E SOCIEDADE<\/strong><\/a><\/p>\n<p><\/br><\/p>\n<h3><strong>QUEM \u00c9 ROSILENE \u00c1VILA?<\/strong><\/h3>\n<p><img decoding=\"async\" alt=\"\" src=\"http:\/\/aconteceunovale.com.br\/portal\/wp-content\/uploads\/2014\/03\/rosilene_avila.jpg\" \/><br \/>\n<\/br><\/p>\n<p>M\u00e3e, esposa, catequista, servidora em escola p\u00fablica e privada, acad\u00eamica do curso de Administra\u00e7\u00e3o P\u00fablica \u2013 UFOP e Cerimonialista na Casa das Festas, em Sabin\u00f3polis. Amante da filosofia, das letras, da arte e da ci\u00eancia pol\u00edtica e do comportamento humano.<\/p>\n","protected":false},"excerpt":{"rendered":"<p>Ol\u00e1 amigo leitor, mudamos o formato das publica\u00e7\u00f5es na p\u00e1gina de colunistas. Para ler uma publica\u00e7\u00e3o, escolha um dos links abaixo: &#8211; PRIMAVERA &#8211; A LUA E EU &#8211; O QUE VOC\u00ca REALMENTE GOSTA DE FAZER? &#8211; CUIDADO, QUE A ONDE TE PEGA! &#8211; (English version) &#8211; PRA N\u00c3O DIZER QUE N\u00c3O FALEI DE LIVROS [&hellip;]<\/p>\n","protected":false},"author":1,"featured_media":23348,"parent":0,"menu_order":0,"comment_status":"open","ping_status":"closed","template":"","meta":{"amp_status":"","footnotes":""},"class_list":["post-23347","page","type-page","status-publish","has-post-thumbnail","hentry"],"_links":{"self":[{"href":"https:\/\/aconteceunovale.com.br\/portal\/index.php?rest_route=\/wp\/v2\/pages\/23347","targetHints":{"allow":["GET"]}}],"collection":[{"href":"https:\/\/aconteceunovale.com.br\/portal\/index.php?rest_route=\/wp\/v2\/pages"}],"about":[{"href":"https:\/\/aconteceunovale.com.br\/portal\/index.php?rest_route=\/wp\/v2\/types\/page"}],"author":[{"embeddable":true,"href":"https:\/\/aconteceunovale.com.br\/portal\/index.php?rest_route=\/wp\/v2\/users\/1"}],"replies":[{"embeddable":true,"href":"https:\/\/aconteceunovale.com.br\/portal\/index.php?rest_route=%2Fwp%2Fv2%2Fcomments&post=23347"}],"version-history":[{"count":0,"href":"https:\/\/aconteceunovale.com.br\/portal\/index.php?rest_route=\/wp\/v2\/pages\/23347\/revisions"}],"wp:featuredmedia":[{"embeddable":true,"href":"https:\/\/aconteceunovale.com.br\/portal\/index.php?rest_route=\/wp\/v2\/media\/23348"}],"wp:attachment":[{"href":"https:\/\/aconteceunovale.com.br\/portal\/index.php?rest_route=%2Fwp%2Fv2%2Fmedia&parent=23347"}],"curies":[{"name":"wp","href":"https:\/\/api.w.org\/{rel}","templated":true}]}}