{"id":23196,"date":"2014-03-08T15:16:09","date_gmt":"2014-03-08T18:16:09","guid":{"rendered":"http:\/\/aconteceunovale.com.br\/portal\/?page_id=23196"},"modified":"2014-09-01T22:03:52","modified_gmt":"2014-09-02T01:03:52","slug":"paulo-henrique-silva","status":"publish","type":"page","link":"https:\/\/aconteceunovale.com.br\/portal\/?page_id=23196","title":{"rendered":"Paulo Henrique Silva"},"content":{"rendered":"<h4><strong>Ol\u00e1 amigo leitor, mudamos o formato das publica\u00e7\u00f5es na p\u00e1gina de colunistas. Para ler uma publica\u00e7\u00e3o, escolha um dos links abaixo:<\/strong><\/h4>\n<p><a href=\"http:\/\/aconteceunovale.com.br\/portal\/?p=39004\" target=\"_blank\"><strong>E AGORA EST\u00c3O SE LEMBRANDO DO JEQUITINHONHA<\/strong><\/a><\/p>\n<p><a href=\"http:\/\/aconteceunovale.com.br\/portal\/?p=38086\" target=\"_blank\"><strong>OS VALES E O NORTE DE MINAS: O &#8216;ESTORVO&#8217; DOS TUCANOS<\/strong><\/a><\/p>\n<p><a href=\"http:\/\/aconteceunovale.com.br\/portal\/?p=36856\" target=\"_blank\"><strong>UM PA\u00cdS, DOIS PROJETOS E O MUNDO<\/strong><\/a><\/p>\n<p><a href=\"http:\/\/aconteceunovale.com.br\/portal\/?p=34817\" target=\"_blank\"><strong>A COPA, OS PAPEL\u00d5ES E AS ELEI\u00c7\u00d5ES<\/strong><\/a><\/p>\n<p><a href=\"http:\/\/aconteceunovale.com.br\/portal\/?p=32013\" target=\"_blank\"><strong>DO PROJETO ANDAR DE NOVO \u00c0 COPA DO MUNDO: O BRASIL REAL<\/strong><\/a><\/p>\n<p><a href=\"http:\/\/aconteceunovale.com.br\/portal\/?p=30618\" target=\"_blank\"><strong>&#8211; A COPA 2014, O SEU LEGADO E AS ELEI\u00c7\u00d5ES<\/strong><\/a><\/p>\n<p><a href=\"http:\/\/aconteceunovale.com.br\/portal\/?p=29963\" target=\"_blank\"><strong>&#8211; AS ESTRAT\u00c9GIAS DE SEMPRE<\/strong><\/a><\/p>\n<p><a href=\"http:\/\/aconteceunovale.com.br\/portal\/?p=29961\" target=\"_blank\"><strong>&#8211; E O DINHEIRO, \u00c9 DE QUEM MESMO?<\/strong><\/a><\/p>\n<p><a href=\"http:\/\/aconteceunovale.com.br\/portal\/?p=29959\" target=\"_blank\"><strong>&#8211; OS ANOS 60, O GOLPE E OS DIAS DE HOJE<\/strong><\/a><\/p>\n<p><a href=\"http:\/\/aconteceunovale.com.br\/portal\/?p=29957\" target=\"_blank\"><strong>&#8211; SE A TEMOS, POR QUE N\u00c3O USAMOS A DEMOCRACIA EM SUA PLENITUDE?<\/strong><\/a><\/p>\n<p><a href=\"http:\/\/aconteceunovale.com.br\/portal\/?p=29955\" target=\"_blank\"><strong>&#8211; MAS AFINAL DE CONTAS E A TAL CIDADANIA, POR ONDE ANDA?<\/strong><\/a><\/p>\n<p><a href=\"http:\/\/aconteceunovale.com.br\/portal\/?p=29949\" target=\"_blank\"><strong>&#8211; TODOS N\u00d3S SOMOS POL\u00cdTICOS! S\u00c9RIO?<\/strong><\/a><\/p>\n<p><\/br><\/p>\n<h3><strong>Quem \u00e9 Paulo Henrique Silva?<\/strong><\/h3>\n<p><img decoding=\"async\" alt=\"\" src=\"http:\/\/aconteceunovale.com.br\/portal\/wp-content\/uploads\/2014\/03\/paulo_henrique_silva.jpg\" \/><\/p>\n<p>Paulistano de nascimento e mineiro de cora\u00e7\u00e3o, Paulo Henrique Silva \u00e9 Administrador, Gestor de Projetos e Instrutor na \u00e1rea de Gest\u00e3o, Comercializa\u00e7\u00e3o e Marketing. Ap\u00f3s experi\u00eancia adquirida com atua\u00e7\u00f5es na iniciativa privada e no setor p\u00fablico federal, atualmente dedica-se a ministrar palestras e instrutorias de treinamentos e cursos em institui\u00e7\u00f5es comprometidas com o desenvolvimento pessoal e profissional de seu capital humano, focadas no processo educativo e na troca de saberes.<\/p>\n<p>A partir de agora integrando a equipe do Portal Aconteceu no VALE, semanalmente trar\u00e1 assuntos ligados ao termo Pol\u00edtica, mas com a abordagem na sua ess\u00eancia original e considerando que seu significado \u00e9 muito abrangente e est\u00e1, em geral, relacionado com aquilo que diz respeito ao espa\u00e7o p\u00fablico e aos temas de interesse da sociedade, comunidade ou coletividade; com seus reflexos no cotidiano e despertando o debate e a busca do entendimento sobre os assuntos que influenciam as pessoas, enquanto seres humanos inseridos no coletivo.<\/p>\n<p><strong>Paulo Henrique Silva<\/strong><br \/>\nDiretor da CHS Consultoria, Franquias e Representa\u00e7\u00f5es \u2013 S\u00e3o Paulo<br \/>\nPalestrante e Instrutor na Marli Andrade Gest\u00e3o Intra e Interpessoal \u2013 Minas Gerais<\/p>\n<h3><strong>Palestras:<\/strong><\/h3>\n<p><img decoding=\"async\" alt=\"\" src=\"http:\/\/aconteceunovale.com.br\/portal\/wp-content\/uploads\/2014\/03\/paulo_henrique_silva_1.jpg\" \/><\/p>\n<p><img decoding=\"async\" alt=\"\" src=\"http:\/\/aconteceunovale.com.br\/portal\/wp-content\/uploads\/2014\/03\/paulo_henrique_silva_2.jpg\" \/><\/p>\n","protected":false},"excerpt":{"rendered":"<p>Ol\u00e1 amigo leitor, mudamos o formato das publica\u00e7\u00f5es na p\u00e1gina de colunistas. Para ler uma publica\u00e7\u00e3o, escolha um dos links abaixo: E AGORA EST\u00c3O SE LEMBRANDO DO JEQUITINHONHA OS VALES E O NORTE DE MINAS: O &#8216;ESTORVO&#8217; DOS TUCANOS UM PA\u00cdS, DOIS PROJETOS E O MUNDO A COPA, OS PAPEL\u00d5ES E AS ELEI\u00c7\u00d5ES DO PROJETO [&hellip;]<\/p>\n","protected":false},"author":1,"featured_media":23197,"parent":0,"menu_order":0,"comment_status":"open","ping_status":"closed","template":"","meta":{"amp_status":"","footnotes":""},"class_list":["post-23196","page","type-page","status-publish","has-post-thumbnail","hentry"],"_links":{"self":[{"href":"https:\/\/aconteceunovale.com.br\/portal\/index.php?rest_route=\/wp\/v2\/pages\/23196","targetHints":{"allow":["GET"]}}],"collection":[{"href":"https:\/\/aconteceunovale.com.br\/portal\/index.php?rest_route=\/wp\/v2\/pages"}],"about":[{"href":"https:\/\/aconteceunovale.com.br\/portal\/index.php?rest_route=\/wp\/v2\/types\/page"}],"author":[{"embeddable":true,"href":"https:\/\/aconteceunovale.com.br\/portal\/index.php?rest_route=\/wp\/v2\/users\/1"}],"replies":[{"embeddable":true,"href":"https:\/\/aconteceunovale.com.br\/portal\/index.php?rest_route=%2Fwp%2Fv2%2Fcomments&post=23196"}],"version-history":[{"count":0,"href":"https:\/\/aconteceunovale.com.br\/portal\/index.php?rest_route=\/wp\/v2\/pages\/23196\/revisions"}],"wp:featuredmedia":[{"embeddable":true,"href":"https:\/\/aconteceunovale.com.br\/portal\/index.php?rest_route=\/wp\/v2\/media\/23197"}],"wp:attachment":[{"href":"https:\/\/aconteceunovale.com.br\/portal\/index.php?rest_route=%2Fwp%2Fv2%2Fmedia&parent=23196"}],"curies":[{"name":"wp","href":"https:\/\/api.w.org\/{rel}","templated":true}]}}

<h4><strong>Olá amigo leitor, mudamos o formato das publicações na página de colunistas. Para ler uma publicação, escolha um dos links abaixo:</strong></h4>
<p><a href="http://aconteceunovale.com.br/portal/?p=39004" target="_blank"><strong>E AGORA ESTÃO SE LEMBRANDO DO JEQUITINHONHA</strong></a></p>
<p><a href="http://aconteceunovale.com.br/portal/?p=38086" target="_blank"><strong>OS VALES E O NORTE DE MINAS: O &#8216;ESTORVO&#8217; DOS TUCANOS</strong></a></p>
<p><a href="http://aconteceunovale.com.br/portal/?p=36856" target="_blank"><strong>UM PAÍS, DOIS PROJETOS E O MUNDO</strong></a></p>
<p><a href="http://aconteceunovale.com.br/portal/?p=34817" target="_blank"><strong>A COPA, OS PAPELÕES E AS ELEIÇÕES</strong></a></p>
<p><a href="http://aconteceunovale.com.br/portal/?p=32013" target="_blank"><strong>DO PROJETO ANDAR DE NOVO À COPA DO MUNDO: O BRASIL REAL</strong></a></p>
<p><a href="http://aconteceunovale.com.br/portal/?p=30618" target="_blank"><strong>&#8211; A COPA 2014, O SEU LEGADO E AS ELEIÇÕES</strong></a></p>
<p><a href="http://aconteceunovale.com.br/portal/?p=29963" target="_blank"><strong>&#8211; AS ESTRATÉGIAS DE SEMPRE</strong></a></p>
<p><a href="http://aconteceunovale.com.br/portal/?p=29961" target="_blank"><strong>&#8211; E O DINHEIRO, É DE QUEM MESMO?</strong></a></p>
<p><a href="http://aconteceunovale.com.br/portal/?p=29959" target="_blank"><strong>&#8211; OS ANOS 60, O GOLPE E OS DIAS DE HOJE</strong></a></p>
<p><a href="http://aconteceunovale.com.br/portal/?p=29957" target="_blank"><strong>&#8211; SE A TEMOS, POR QUE NÃO USAMOS A DEMOCRACIA EM SUA PLENITUDE?</strong></a></p>
<p><a href="http://aconteceunovale.com.br/portal/?p=29955" target="_blank"><strong>&#8211; MAS AFINAL DE CONTAS E A TAL CIDADANIA, POR ONDE ANDA?</strong></a></p>
<p><a href="http://aconteceunovale.com.br/portal/?p=29949" target="_blank"><strong>&#8211; TODOS NÓS SOMOS POLÍTICOS! SÉRIO?</strong></a></p>
<p></br></p>
<h3><strong>Quem é Paulo Henrique Silva?</strong></h3>
<p><img decoding="async" alt="" src="http://aconteceunovale.com.br/portal/wp-content/uploads/2014/03/paulo_henrique_silva.jpg" /></p>
<p>Paulistano de nascimento e mineiro de coração, Paulo Henrique Silva é Administrador, Gestor de Projetos e Instrutor na área de Gestão, Comercialização e Marketing. Após experiência adquirida com atuações na iniciativa privada e no setor público federal, atualmente dedica-se a ministrar palestras e instrutorias de treinamentos e cursos em instituições comprometidas com o desenvolvimento pessoal e profissional de seu capital humano, focadas no processo educativo e na troca de saberes.</p>
<p>A partir de agora integrando a equipe do Portal Aconteceu no VALE, semanalmente trará assuntos ligados ao termo Política, mas com a abordagem na sua essência original e considerando que seu significado é muito abrangente e está, em geral, relacionado com aquilo que diz respeito ao espaço público e aos temas de interesse da sociedade, comunidade ou coletividade; com seus reflexos no cotidiano e despertando o debate e a busca do entendimento sobre os assuntos que influenciam as pessoas, enquanto seres humanos inseridos no coletivo.</p>
<p><strong>Paulo Henrique Silva</strong><br />
Diretor da CHS Consultoria, Franquias e Representações – São Paulo<br />
Palestrante e Instrutor na Marli Andrade Gestão Intra e Interpessoal – Minas Gerais</p>
<h3><strong>Palestras:</strong></h3>
<p><img decoding="async" alt="" src="http://aconteceunovale.com.br/portal/wp-content/uploads/2014/03/paulo_henrique_silva_1.jpg" /></p>
<p><img decoding="async" alt="" src="http://aconteceunovale.com.br/portal/wp-content/uploads/2014/03/paulo_henrique_silva_2.jpg" /></p>

<p>Olá amigo leitor, mudamos o formato das publicações na página de colunistas. Para ler uma publicação, escolha um dos links abaixo: E AGORA ESTÃO SE LEMBRANDO DO JEQUITINHONHA OS VALES E O NORTE DE MINAS: O &#8216;ESTORVO&#8217; DOS TUCANOS UM PAÍS, DOIS PROJETOS E O MUNDO A COPA, OS PAPELÕES E AS ELEIÇÕES DO PROJETO [&hellip;]</p>
